{"id":4493,"date":"2025-12-20T13:15:59","date_gmt":"2025-12-20T13:15:59","guid":{"rendered":"https:\/\/www.runabutik.online\/?post_type=product&#038;p=4493"},"modified":"2026-01-16T17:37:39","modified_gmt":"2026-01-16T17:37:39","slug":"fitilli-takim","status":"publish","type":"product","link":"https:\/\/www.runabutik.online\/index.php\/product\/fitilli-takim\/","title":{"rendered":"F\u0130T\u0130LL\u0130 TAKIM"},"content":{"rendered":"<hr \/>\n<p>F\u0130T\u0130LL\u0130 ALT \u00dcST TAKIM<\/p>\n<p>%80 pamuk %15 polyester %5 elastan<\/p>\n","protected":false},"excerpt":{"rendered":"F\u0130T\u0130LL\u0130 ALT \u00dcST TAKIM\r\n\r\n&nbsp;","protected":false},"featured_media":4797,"comment_status":"open","ping_status":"closed","template":"","meta":[],"product_brand":[],"product_cat":[84,81,83],"product_tag":[],"class_list":{"0":"post-4493","1":"product","2":"type-product","3":"status-publish","4":"has-post-thumbnail","6":"product_cat-alt-giyim","7":"product_cat-takim","8":"product_cat-ust-giyim","9":"product_shipping_class-std","11":"first","12":"instock","13":"sale","14":"shipping-taxable","15":"purchasable","16":"product-type-variable"},"jetpack_sharing_enabled":true,"_links":{"self":[{"href":"https:\/\/www.runabutik.online\/index.php\/wp-json\/wp\/v2\/product\/4493","targetHints":{"allow":["GET"]}}],"collection":[{"href":"https:\/\/www.runabutik.online\/index.php\/wp-json\/wp\/v2\/product"}],"about":[{"href":"https:\/\/www.runabutik.online\/index.php\/wp-json\/wp\/v2\/types\/product"}],"replies":[{"embeddable":true,"href":"https:\/\/www.runabutik.online\/index.php\/wp-json\/wp\/v2\/comments?post=4493"}],"wp:featuredmedia":[{"embeddable":true,"href":"https:\/\/www.runabutik.online\/index.php\/wp-json\/wp\/v2\/media\/4797"}],"wp:attachment":[{"href":"https:\/\/www.runabutik.online\/index.php\/wp-json\/wp\/v2\/media?parent=4493"}],"wp:term":[{"taxonomy":"product_brand","embeddable":true,"href":"https:\/\/www.runabutik.online\/index.php\/wp-json\/wp\/v2\/product_brand?post=4493"},{"taxonomy":"product_cat","embeddable":true,"href":"https:\/\/www.runabutik.online\/index.php\/wp-json\/wp\/v2\/product_cat?post=4493"},{"taxonomy":"product_tag","embeddable":true,"href":"https:\/\/www.runabutik.online\/index.php\/wp-json\/wp\/v2\/product_tag?post=4493"}],"curies":[{"name":"wp","href":"https:\/\/api.w.org\/{rel}","templated":true}]}}